{"id":22,"date":"2023-07-26T23:45:30","date_gmt":"2023-07-26T21:45:30","guid":{"rendered":"https:\/\/avenir-goussainville.com\/?page_id=22"},"modified":"2024-05-26T20:22:58","modified_gmt":"2024-05-26T18:22:58","slug":"lassociation","status":"publish","type":"page","link":"https:\/\/avenir-goussainville.com\/?page_id=22","title":{"rendered":"L&rsquo;association"},"content":{"rendered":"\n<p>L&rsquo;association Avenir a \u00e9t\u00e9 cr\u00e9\u00e9e le 14 avril 2012, elle est r\u00e9gie par la loi du 1er Juillet 1901 et le d\u00e9cret du 16 Ao\u00fbt 1901.<\/p>\n\n\n\n<p>L&rsquo;association est organis\u00e9e autour de 3 axes :<\/p>\n\n\n\n<ul class=\"wp-block-list\">\n<li>Diffuser par tous les moyens licites, la culture, et notamment l\u2019apprentissage<br>de la langue arabe.<\/li>\n<\/ul>\n\n\n\n<ul class=\"wp-block-list\">\n<li>Participer activement \u00e0 la lutte contre l\u2019\u00e9chec scolaire, en mettant en place des<br>cours de soutien scolaire tout au long de l&rsquo;ann\u00e9e et des s\u00e9ances de r\u00e9visions intensives avant les examens.<\/li>\n<\/ul>\n\n\n\n<ul class=\"wp-block-list\">\n<li>Organiser des sortie p\u00e9dagogiques, des manifestations sportives et des activit\u00e9s ludiques afin de promouvoir la culture.<\/li>\n<\/ul>\n\n\n\n<p>De plus, nous sommes associ\u00e9s dans la SCI Essalam pour la construction du futur centre Culturel et Cultuel de Goussainville qui arrivera tr\u00e8s prochainement.<\/p>\n\n\n\n<hr class=\"wp-block-separator has-text-color has-black-color has-alpha-channel-opacity has-black-background-color has-background\"\/>\n\n\n\n<h3 class=\"wp-block-heading\">Qui sommes nous ?<\/h3>\n\n\n\n<p>L&rsquo;association est compos\u00e9e d&rsquo;un bureau de 6 membres dont les postes sont r\u00e9partis comme suit :<\/p>\n\n\n\n<figure class=\"wp-block-image size-full\"><img loading=\"lazy\" decoding=\"async\" width=\"1024\" height=\"768\" src=\"https:\/\/avenir-goussainville.com\/wp-content\/uploads\/2023\/08\/Organigramme-Avenir-1.png\" alt=\"\" class=\"wp-image-75\" srcset=\"https:\/\/avenir-goussainville.com\/wp-content\/uploads\/2023\/08\/Organigramme-Avenir-1.png 1024w, https:\/\/avenir-goussainville.com\/wp-content\/uploads\/2023\/08\/Organigramme-Avenir-1-300x225.png 300w, https:\/\/avenir-goussainville.com\/wp-content\/uploads\/2023\/08\/Organigramme-Avenir-1-768x576.png 768w\" sizes=\"auto, (max-width: 1024px) 100vw, 1024px\" \/><\/figure>\n\n\n\n<p>\u00c0 cela, se rajoutent plusieurs membres actifs ainsi qu&rsquo;une vingtaines de b\u00e9n\u00e9voles dont l&rsquo;aide est pr\u00e9cieuse pour l&rsquo;organisation de nos \u00e9v\u00e9nements.<\/p>\n","protected":false},"excerpt":{"rendered":"<p>L&rsquo;association Avenir a \u00e9t\u00e9 cr\u00e9\u00e9e le 14 avril 2012, elle est r\u00e9gie par la loi du 1er Juillet 1901 et le d\u00e9cret du 16 Ao\u00fbt 1901. L&rsquo;association est organis\u00e9e autour de 3 axes : De plus, nous sommes associ\u00e9s dans la SCI Essalam pour la construction du futur centre Culturel et Cultuel de Goussainville qui [&hellip;]<\/p>\n","protected":false},"author":1,"featured_media":0,"parent":0,"menu_order":0,"comment_status":"closed","ping_status":"closed","template":"","meta":{"footnotes":""},"class_list":["post-22","page","type-page","status-publish","hentry"],"yoast_head":"<!-- This site is optimized with the Yoast SEO plugin v21.0 - https:\/\/yoast.com\/wordpress\/plugins\/seo\/ -->\n<title>L&#039;association - ASSOCIATION CULTURELLE AVENIR DE GOUSSAINVILLE<\/title>\n<meta name=\"robots\" content=\"index, follow, max-snippet:-1, max-image-preview:large, max-video-preview:-1\" \/>\n<link rel=\"canonical\" href=\"https:\/\/avenir-goussainville.com\/?page_id=22\" \/>\n<meta property=\"og:locale\" content=\"fr_FR\" \/>\n<meta property=\"og:type\" content=\"article\" \/>\n<meta property=\"og:title\" content=\"L&#039;association - ASSOCIATION CULTURELLE AVENIR DE GOUSSAINVILLE\" \/>\n<meta property=\"og:description\" content=\"L&rsquo;association Avenir a \u00e9t\u00e9 cr\u00e9\u00e9e le 14 avril 2012, elle est r\u00e9gie par la loi du 1er Juillet 1901 et le d\u00e9cret du 16 Ao\u00fbt 1901. L&rsquo;association est organis\u00e9e autour de 3 axes : De plus, nous sommes associ\u00e9s dans la SCI Essalam pour la construction du futur centre Culturel et Cultuel de Goussainville qui [&hellip;]\" \/>\n<meta property=\"og:url\" content=\"https:\/\/avenir-goussainville.com\/?page_id=22\" \/>\n<meta property=\"og:site_name\" content=\"ASSOCIATION CULTURELLE AVENIR DE GOUSSAINVILLE\" \/>\n<meta property=\"article:modified_time\" content=\"2024-05-26T18:22:58+00:00\" \/>\n<meta property=\"og:image\" content=\"https:\/\/avenir-goussainville.com\/wp-content\/uploads\/2023\/08\/Organigramme-Avenir-1.png\" \/>\n<meta name=\"twitter:card\" content=\"summary_large_image\" \/>\n<meta name=\"twitter:label1\" content=\"Dur\u00e9e de lecture estim\u00e9e\" \/>\n\t<meta name=\"twitter:data1\" content=\"2 minutes\" \/>\n<script type=\"application\/ld+json\" class=\"yoast-schema-graph\">{\"@context\":\"https:\/\/schema.org\",\"@graph\":[{\"@type\":\"WebPage\",\"@id\":\"https:\/\/avenir-goussainville.com\/?page_id=22\",\"url\":\"https:\/\/avenir-goussainville.com\/?page_id=22\",\"name\":\"L'association - ASSOCIATION CULTURELLE AVENIR DE GOUSSAINVILLE\",\"isPartOf\":{\"@id\":\"https:\/\/avenir-goussainville.com\/#website\"},\"datePublished\":\"2023-07-26T21:45:30+00:00\",\"dateModified\":\"2024-05-26T18:22:58+00:00\",\"breadcrumb\":{\"@id\":\"https:\/\/avenir-goussainville.com\/?page_id=22#breadcrumb\"},\"inLanguage\":\"fr-FR\",\"potentialAction\":[{\"@type\":\"ReadAction\",\"target\":[\"https:\/\/avenir-goussainville.com\/?page_id=22\"]}]},{\"@type\":\"BreadcrumbList\",\"@id\":\"https:\/\/avenir-goussainville.com\/?page_id=22#breadcrumb\",\"itemListElement\":[{\"@type\":\"ListItem\",\"position\":1,\"name\":\"Accueil\",\"item\":\"https:\/\/avenir-goussainville.com\/\"},{\"@type\":\"ListItem\",\"position\":2,\"name\":\"L&rsquo;association\"}]},{\"@type\":\"WebSite\",\"@id\":\"https:\/\/avenir-goussainville.com\/#website\",\"url\":\"https:\/\/avenir-goussainville.com\/\",\"name\":\"ASSOCIATION CULTURELLE AVENIR DE GOUSSAINVILLE\",\"description\":\"\",\"publisher\":{\"@id\":\"https:\/\/avenir-goussainville.com\/#organization\"},\"potentialAction\":[{\"@type\":\"SearchAction\",\"target\":{\"@type\":\"EntryPoint\",\"urlTemplate\":\"https:\/\/avenir-goussainville.com\/?s={search_term_string}\"},\"query-input\":\"required name=search_term_string\"}],\"inLanguage\":\"fr-FR\"},{\"@type\":\"Organization\",\"@id\":\"https:\/\/avenir-goussainville.com\/#organization\",\"name\":\"ASSOCIATION CULTURELLE AVENIR DE GOUSSAINVILLE\",\"url\":\"https:\/\/avenir-goussainville.com\/\",\"logo\":{\"@type\":\"ImageObject\",\"inLanguage\":\"fr-FR\",\"@id\":\"https:\/\/avenir-goussainville.com\/#\/schema\/logo\/image\/\",\"url\":\"https:\/\/avenir-goussainville.com\/wp-content\/uploads\/2023\/07\/cropped-cropped-Logo_AVENIR_568x407-1.png\",\"contentUrl\":\"https:\/\/avenir-goussainville.com\/wp-content\/uploads\/2023\/07\/cropped-cropped-Logo_AVENIR_568x407-1.png\",\"width\":407,\"height\":407,\"caption\":\"ASSOCIATION CULTURELLE AVENIR DE GOUSSAINVILLE\"},\"image\":{\"@id\":\"https:\/\/avenir-goussainville.com\/#\/schema\/logo\/image\/\"}}]}<\/script>\n<!-- \/ Yoast SEO plugin. -->","yoast_head_json":{"title":"L'association - ASSOCIATION CULTURELLE AVENIR DE GOUSSAINVILLE","robots":{"index":"index","follow":"follow","max-snippet":"max-snippet:-1","max-image-preview":"max-image-preview:large","max-video-preview":"max-video-preview:-1"},"canonical":"https:\/\/avenir-goussainville.com\/?page_id=22","og_locale":"fr_FR","og_type":"article","og_title":"L'association - ASSOCIATION CULTURELLE AVENIR DE GOUSSAINVILLE","og_description":"L&rsquo;association Avenir a \u00e9t\u00e9 cr\u00e9\u00e9e le 14 avril 2012, elle est r\u00e9gie par la loi du 1er Juillet 1901 et le d\u00e9cret du 16 Ao\u00fbt 1901. L&rsquo;association est organis\u00e9e autour de 3 axes : De plus, nous sommes associ\u00e9s dans la SCI Essalam pour la construction du futur centre Culturel et Cultuel de Goussainville qui [&hellip;]","og_url":"https:\/\/avenir-goussainville.com\/?page_id=22","og_site_name":"ASSOCIATION CULTURELLE AVENIR DE GOUSSAINVILLE","article_modified_time":"2024-05-26T18:22:58+00:00","og_image":[{"url":"https:\/\/avenir-goussainville.com\/wp-content\/uploads\/2023\/08\/Organigramme-Avenir-1.png"}],"twitter_card":"summary_large_image","twitter_misc":{"Dur\u00e9e de lecture estim\u00e9e":"2 minutes"},"schema":{"@context":"https:\/\/schema.org","@graph":[{"@type":"WebPage","@id":"https:\/\/avenir-goussainville.com\/?page_id=22","url":"https:\/\/avenir-goussainville.com\/?page_id=22","name":"L'association - ASSOCIATION CULTURELLE AVENIR DE GOUSSAINVILLE","isPartOf":{"@id":"https:\/\/avenir-goussainville.com\/#website"},"datePublished":"2023-07-26T21:45:30+00:00","dateModified":"2024-05-26T18:22:58+00:00","breadcrumb":{"@id":"https:\/\/avenir-goussainville.com\/?page_id=22#breadcrumb"},"inLanguage":"fr-FR","potentialAction":[{"@type":"ReadAction","target":["https:\/\/avenir-goussainville.com\/?page_id=22"]}]},{"@type":"BreadcrumbList","@id":"https:\/\/avenir-goussainville.com\/?page_id=22#breadcrumb","itemListElement":[{"@type":"ListItem","position":1,"name":"Accueil","item":"https:\/\/avenir-goussainville.com\/"},{"@type":"ListItem","position":2,"name":"L&rsquo;association"}]},{"@type":"WebSite","@id":"https:\/\/avenir-goussainville.com\/#website","url":"https:\/\/avenir-goussainville.com\/","name":"ASSOCIATION CULTURELLE AVENIR DE GOUSSAINVILLE","description":"","publisher":{"@id":"https:\/\/avenir-goussainville.com\/#organization"},"potentialAction":[{"@type":"SearchAction","target":{"@type":"EntryPoint","urlTemplate":"https:\/\/avenir-goussainville.com\/?s={search_term_string}"},"query-input":"required name=search_term_string"}],"inLanguage":"fr-FR"},{"@type":"Organization","@id":"https:\/\/avenir-goussainville.com\/#organization","name":"ASSOCIATION CULTURELLE AVENIR DE GOUSSAINVILLE","url":"https:\/\/avenir-goussainville.com\/","logo":{"@type":"ImageObject","inLanguage":"fr-FR","@id":"https:\/\/avenir-goussainville.com\/#\/schema\/logo\/image\/","url":"https:\/\/avenir-goussainville.com\/wp-content\/uploads\/2023\/07\/cropped-cropped-Logo_AVENIR_568x407-1.png","contentUrl":"https:\/\/avenir-goussainville.com\/wp-content\/uploads\/2023\/07\/cropped-cropped-Logo_AVENIR_568x407-1.png","width":407,"height":407,"caption":"ASSOCIATION CULTURELLE AVENIR DE GOUSSAINVILLE"},"image":{"@id":"https:\/\/avenir-goussainville.com\/#\/schema\/logo\/image\/"}}]}},"_links":{"self":[{"href":"https:\/\/avenir-goussainville.com\/index.php?rest_route=\/wp\/v2\/pages\/22","targetHints":{"allow":["GET"]}}],"collection":[{"href":"https:\/\/avenir-goussainville.com\/index.php?rest_route=\/wp\/v2\/pages"}],"about":[{"href":"https:\/\/avenir-goussainville.com\/index.php?rest_route=\/wp\/v2\/types\/page"}],"author":[{"embeddable":true,"href":"https:\/\/avenir-goussainville.com\/index.php?rest_route=\/wp\/v2\/users\/1"}],"replies":[{"embeddable":true,"href":"https:\/\/avenir-goussainville.com\/index.php?rest_route=%2Fwp%2Fv2%2Fcomments&post=22"}],"version-history":[{"count":13,"href":"https:\/\/avenir-goussainville.com\/index.php?rest_route=\/wp\/v2\/pages\/22\/revisions"}],"predecessor-version":[{"id":267,"href":"https:\/\/avenir-goussainville.com\/index.php?rest_route=\/wp\/v2\/pages\/22\/revisions\/267"}],"wp:attachment":[{"href":"https:\/\/avenir-goussainville.com\/index.php?rest_route=%2Fwp%2Fv2%2Fmedia&parent=22"}],"curies":[{"name":"wp","href":"https:\/\/api.w.org\/{rel}","templated":true}]}}

<p>L&rsquo;association Avenir a été créée le 14 avril 2012, elle est régie par la loi du 1er Juillet 1901 et le décret du 16 Août 1901.</p>



<p>L&rsquo;association est organisée autour de 3 axes :</p>



<ul class="wp-block-list">
<li>Diffuser par tous les moyens licites, la culture, et notamment l’apprentissage<br>de la langue arabe.</li>
</ul>



<ul class="wp-block-list">
<li>Participer activement à la lutte contre l’échec scolaire, en mettant en place des<br>cours de soutien scolaire tout au long de l&rsquo;année et des séances de révisions intensives avant les examens.</li>
</ul>



<ul class="wp-block-list">
<li>Organiser des sortie pédagogiques, des manifestations sportives et des activités ludiques afin de promouvoir la culture.</li>
</ul>



<p>De plus, nous sommes associés dans la SCI Essalam pour la construction du futur centre Culturel et Cultuel de Goussainville qui arrivera très prochainement.</p>



<hr class="wp-block-separator has-text-color has-black-color has-alpha-channel-opacity has-black-background-color has-background"/>



<h3 class="wp-block-heading">Qui sommes nous ?</h3>



<p>L&rsquo;association est composée d&rsquo;un bureau de 6 membres dont les postes sont répartis comme suit :</p>



<figure class="wp-block-image size-full"><img loading="lazy" decoding="async" width="1024" height="768" src="https://avenir-goussainville.com/wp-content/uploads/2023/08/Organigramme-Avenir-1.png" alt="" class="wp-image-75" srcset="https://avenir-goussainville.com/wp-content/uploads/2023/08/Organigramme-Avenir-1.png 1024w, https://avenir-goussainville.com/wp-content/uploads/2023/08/Organigramme-Avenir-1-300x225.png 300w, https://avenir-goussainville.com/wp-content/uploads/2023/08/Organigramme-Avenir-1-768x576.png 768w" sizes="auto, (max-width: 1024px) 100vw, 1024px" /></figure>



<p>À cela, se rajoutent plusieurs membres actifs ainsi qu&rsquo;une vingtaines de bénévoles dont l&rsquo;aide est précieuse pour l&rsquo;organisation de nos événements.</p>

<p>L&rsquo;association Avenir a été créée le 14 avril 2012, elle est régie par la loi du 1er Juillet 1901 et le décret du 16 Août 1901. L&rsquo;association est organisée autour de 3 axes : De plus, nous sommes associés dans la SCI Essalam pour la construction du futur centre Culturel et Cultuel de Goussainville qui [&hellip;]</p>

<!-- This site is optimized with the Yoast SEO plugin v21.0 - https://yoast.com/wordpress/plugins/seo/ -->
<title>L&#039;association - ASSOCIATION CULTURELLE AVENIR DE GOUSSAINVILLE</title>
<meta name="robots" content="index, follow, max-snippet:-1, max-image-preview:large, max-video-preview:-1" />
<link rel="canonical" href="https://avenir-goussainville.com/?page_id=22" />
<meta property="og:locale" content="fr_FR" />
<meta property="og:type" content="article" />
<meta property="og:title" content="L&#039;association - ASSOCIATION CULTURELLE AVENIR DE GOUSSAINVILLE" />
<meta property="og:description" content="L&rsquo;association Avenir a été créée le 14 avril 2012, elle est régie par la loi du 1er Juillet 1901 et le décret du 16 Août 1901. L&rsquo;association est organisée autour de 3 axes : De plus, nous sommes associés dans la SCI Essalam pour la construction du futur centre Culturel et Cultuel de Goussainville qui [&hellip;]" />
<meta property="og:url" content="https://avenir-goussainville.com/?page_id=22" />
<meta property="og:site_name" content="ASSOCIATION CULTURELLE AVENIR DE GOUSSAINVILLE" />
<meta property="article:modified_time" content="2024-05-26T18:22:58+00:00" />
<meta property="og:image" content="https://avenir-goussainville.com/wp-content/uploads/2023/08/Organigramme-Avenir-1.png" />
<meta name="twitter:card" content="summary_large_image" />
<meta name="twitter:label1" content="Durée de lecture estimée" />
	<meta name="twitter:data1" content="2 minutes" />
<script type="application/ld+json" class="yoast-schema-graph">{"@context":"https://schema.org","@graph":[{"@type":"WebPage","@id":"https://avenir-goussainville.com/?page_id=22","url":"https://avenir-goussainville.com/?page_id=22","name":"L'association - ASSOCIATION CULTURELLE AVENIR DE GOUSSAINVILLE","isPartOf":{"@id":"https://avenir-goussainville.com/#website"},"datePublished":"2023-07-26T21:45:30+00:00","dateModified":"2024-05-26T18:22:58+00:00","breadcrumb":{"@id":"https://avenir-goussainville.com/?page_id=22#breadcrumb"},"inLanguage":"fr-FR","potentialAction":[{"@type":"ReadAction","target":["https://avenir-goussainville.com/?page_id=22"]}]},{"@type":"BreadcrumbList","@id":"https://avenir-goussainville.com/?page_id=22#breadcrumb","itemListElement":[{"@type":"ListItem","position":1,"name":"Accueil","item":"https://avenir-goussainville.com/"},{"@type":"ListItem","position":2,"name":"L&rsquo;association"}]},{"@type":"WebSite","@id":"https://avenir-goussainville.com/#website","url":"https://avenir-goussainville.com/","name":"ASSOCIATION CULTURELLE AVENIR DE GOUSSAINVILLE","description":"","publisher":{"@id":"https://avenir-goussainville.com/#organization"},"potentialAction":[{"@type":"SearchAction","target":{"@type":"EntryPoint","urlTemplate":"https://avenir-goussainville.com/?s={search_term_string}"},"query-input":"required name=search_term_string"}],"inLanguage":"fr-FR"},{"@type":"Organization","@id":"https://avenir-goussainville.com/#organization","name":"ASSOCIATION CULTURELLE AVENIR DE GOUSSAINVILLE","url":"https://avenir-goussainville.com/","logo":{"@type":"ImageObject","inLanguage":"fr-FR","@id":"https://avenir-goussainville.com/#/schema/logo/image/","url":"https://avenir-goussainville.com/wp-content/uploads/2023/07/cropped-cropped-Logo_AVENIR_568x407-1.png","contentUrl":"https://avenir-goussainville.com/wp-content/uploads/2023/07/cropped-cropped-Logo_AVENIR_568x407-1.png","width":407,"height":407,"caption":"ASSOCIATION CULTURELLE AVENIR DE GOUSSAINVILLE"},"image":{"@id":"https://avenir-goussainville.com/#/schema/logo/image/"}}]}</script>
<!-- / Yoast SEO plugin. -->

L&rsquo;association Avenir a été créée le 14 avril 2012, elle est régie par la loi du 1er Juillet 1901 et le décret du 16 Août 1901. L&rsquo;association est organisée autour de 3 axes : De plus, nous sommes associés dans la SCI Essalam pour la construction du futur centre Culturel et Cultuel de Goussainville qui [&hellip;]
